vided by 12877?
2
Calculate the remainder when 117418 is divided by 596.
6
What is the remainder when 9185 is divided by 482?
27
Calculate the remainder when 23253 is divided by 931.
909
What is the remainder when 41966 is divided by 13986?
8
What is the remainder when 1586404 is divided by 2104?
2092
What is the remainder when 10570 is divided by 115?
105
What is the remainder when 69014 is divided by 123?
11
Calculate the remainder when 328064 is divided by 23.
15
Calculate the remainder when 1983 is divided by 1216.
767
What is the remainder when 9217 is divided by 770?
747
Calculate the remainder when 28115 is divided by 4012.
31
What is the remainder when 892 is divided by 198?
100
Calculate the remainder when 278 is divided by 137.
4
Calculate the remainder when 1659 is divided by 1184.
475
Calculate the remainder when 1143 is divided by 226.
13
Calculate the remainder when 81101 is divided by 141.
26
What is the remainder when 413175 is divided by 4?
3
What is the remainder when 15065 is divided by 1369?
6
What is the remainder when 4511 is divided by 1624?
1263
What is the remainder when 923921 is divided by 485?
481
What is the remainder when 285762 is divided by 72?
66
What is the remainder when 3383 is divided by 22?
17
What is the remainder when 726509 is divided by 45?
29
What is the remainder when 8922 is divided by 18?
12
Calculate the remainder when 16798 is divided by 56.
54
What is the remainder when 1008 is divided by 521?
487
Calculate the remainder when 161936 is divided by 32384.
16
What is the remainder when 10140 is divided by 78?
0
What is the remainder when 10858 is divided by 141?
1
What is the remainder when 75041 is divided by 257?
254
Calculate the remainder when 6243 is divided by 50.
43
What is the remainder when 16774 is divided by 344?
262
What is the remainder when 160430 is divided by 26?
10
What is the remainder when 836688 is divided by 143?
138
What is the remainder when 27358 is divided by 16?
14
What is the remainder when 3482 is divided by 70?
52
Calculate the remainder when 14424 is divided by 3544.
248
Calculate the remainder when 16201 is divided by 16197.
4
Calculate the remainder when 11969 is divided by 38.
37
Calculate the remainder when 2670 is divided by 68.
18
What is the remainder when 16370 is divided by 238?
186
What is the remainder when 73706 is divided by 210?
206
Calculate the remainder when 64513 is divided by 100.
13
Calculate the remainder when 27685 is divided by 3953.
14
Calculate the remainder when 18179 is divided by 4543.
7
Calculate the remainder when 209002 is divided by 13933.
7
What is the remainder when 16368 is divided by 48?
0
What is the remainder when 6824 is divided by 34?
24
What is the remainder when 861 is divided by 89?
60
Calculate the remainder when 93165 is divided by 93143.
22
Calculate the remainder when 23968 is divided by 34.
32
Calculate the remainder when 23001 is divided by 107.
103
What is the remainder when 1701 is divided by 178?
99
What is the remainder when 12041 is divided by 52?
29
Calculate the remainder when 7112 is divided by 2168.
608
What is the remainder when 4473 is divided by 320?
313
What is the remainder when 7683 is divided by 83?
47
What is the remainder when 1800 is divided by 58?
2
What is the remainder when 5942 is divided by 157?
133
Calculate the remainder when 13323 is divided by 4.
3
Calculate the remainder when 311335 is divided by 31.
2
Calculate the remainder when 12696 is divided by 3078.
384
Calculate the remainder when 372 is divided by 38.
30
Calculate the remainder when 261628 is divided by 709.
7
Calculate the remainder when 1325 is divided by 122.
105
What is the remainder when 130500 is divided by 41?
38
Calculate the remainder when 33034 is divided by 132.
34
Calculate the remainder when 8253 is divided by 3091.
2071
Calculate the remainder when 7495 is divided by 7461.
34
Calculate the remainder when 1896 is divided by 54.
6
Calculate the remainder when 4318 is divided by 747.
583
What is the remainder when 2115 is divided by 73?
71
Calculate the remainder when 5978 is divided by 1967.
77
What is the remainder when 7513 is divided by 93?
73
Calculate the remainder when 62073 is divided by 325.
323
What is the remainder when 71852 is divided by 72?
68
Calculate the remainder when 158623 is divided by 75.
73
Calculate the remainder when 15789 is divided by 63.
39
What is the remainder when 12426 is divided by 9?
6
What is the remainder when 30108 is divided by 386?
0
Calculate the remainder when 1835 is divided by 28.
15
Calculate the remainder when 2640 is divided by 164.
16
What is the remainder when 22840 is divided by 6?
4
What is the remainder when 1505189 is divided by 11?
4
Calculate the remainder when 6460 is divided by 1693.
1381
What is the remainder when 43009 is divided by 95?
69
What is the remainder when 64045 is divided by 209?
91
What is the remainder when 1544 is divided by 304?
24
Calculate the remainder when 246424 is divided by 7247.
26
Calculate the remainder when 44695 is divided by 190.
45
Calculate the remainder when 41310 is divided by 843.
3
Calculate the remainder when 82331 is divided by 11756.
39
What is the remainder when 33350 is divided by 88?
86
Calculate the remainder when 1415651 is divided by 14.
13
Calculate the remainder when 995 is divided by 960.
35
What is the remainder when 24380 is divided by 4853?
115
Calculate the remainder when 6406 is divided by 11.
4
What is the remainder when 1927 is divided by 271?
30
What is the remainder when 28856 is divided by 20?
16
Calculate the remainder when 5484 is divided by 202.
30
Calculate the remainder when 2780 is divided by 565.
520
What is the remainder when 6752561 is divided by 114?
113
What is the remainder when 922425 is divided by 162?
159
Calculate the remainder when 49344 is divided by 5482.
6
Calculate the remainder when 1193037 is divided by 277.
275
What is the remainder when 2226 is divided by 80?
66
Calculate the remainder when 222098 is divided by 39.
32
What is the remainder when 4220 is divided by 1450?
1320
What is the remainder when 1142 is divided by 166?
146
What is the remainder when 1471 is divided by 364?
15
What is the remainder when 421 is divided by 399?
22
Calculate the remainder when 11806 is divided by 68.
42
Calculate the remainder when 16112 is divided by 8003.
106
What is the remainder when 2434 is divided by 223?
204
What is the remainder when 72515 is divided by 4?
3
What is the remainder when 443 is divided by 114?
101
Calculate the remainder when 135050 is divided by 123.
119
Calculate the remainder when 3067 is divided by 997.
76
Calculate the remainder when 805 is divided by 135.
130
What is the remainder when 83541 is divided by 20883?
9
Calculate the remainder when 896 is divided by 285.
41
Calculate the remainder when 3122 is divided by 813.
683
Calculate the remainder when 217 is divided by 106.
5
What is the remainder when 65483 is divided by 5951?
22
What is the remainder when 352910 is divided by 16?
14
What is the remainder when 16484 is divided by 242?
28
What is the remainder when 31700 is divided by 10532?
104
What is the remainder when 2966 is divided by 497?
481
Calculate the remainder when 37014 is divided by 250.
14
What is the remainder when 3725 is divided by 176?
29
What is the remainder when 267777 is divided by 30?
27
What is the remainder when 5509 is divided by 290?
289
What is the remainder when 519557 is divided by 11808?
5
Calculate the remainder when 882 is divided by 54.
18
What is the remainder when 204170 is divided by 114?
110
What is the remainder when 699 is divided by 688?
11
Calculate the remainder when 97847 is divided by 2038.
23
What is the remainder when 87639 is divided by 280?
279
What is the remainder when 1219774 is divided by 13?
10
Calculate the remainder when 10436 is divided by 158.
8
What is the remainder when 3491 is divided by 314?
37
Calculate the remainder when 130313 is divided by 46.
41
What is the remainder when 2438 is divided by 311?
261
What is the remainder when 33079 is divided by 1665?
1444
What is the remainder when 4055 is divided by 681?
650
What is the remainder when 18134 is divided by 44?
6
What is the remainder when 213274 is di